 divided by 39?
37
What is the remainder when 454 is divided by 3?
1
Calculate the remainder when 303 is divided by 8.
7
Calculate the remainder when 245 is divided by 19.
17
What is the remainder when 745 is divided by 36?
25
Calculate the remainder when 36 is divided by 10.
6
What is the remainder when 3087 is divided by 24?
15
What is the remainder when 120 is divided by 32?
24
Calculate the remainder when 335 is divided by 17.
12
What is the remainder when 382 is divided by 11?
8
What is the remainder when 5893 is divided by 22?
19
Calculate the remainder when 1104 is divided by 551.
2
Calculate the remainder when 26073 is divided by 149.
147
Calculate the remainder when 582 is divided by 65.
62
What is the remainder when 109 is divided by 53?
3
What is the remainder when 1490 is divided by 248?
2
Calculate the remainder when 1075 is divided by 77.
74
Calculate the remainder when 66 is divided by 9.
3
Calculate the remainder when 279 is divided by 164.
115
Calculate the remainder when 197 is divided by 8.
5
What is the remainder when 8 is divided by 3?
2
Calculate the remainder when 1485 is divided by 93.
90
Calculate the remainder when 1768 is divided by 162.
148
Calculate the remainder when 571 is divided by 64.
59
What is the remainder when 288 is divided by 52?
28
What is the remainder when 852 is divided by 15?
12
Calculate the remainder when 64 is divided by 9.
1
Calculate the remainder when 395 is divided by 44.
43
Calculate the remainder when 139 is divided by 115.
24
What is the remainder when 2567 is divided by 440?
367
Calculate the remainder when 5665 is divided by 63.
58
Calculate the remainder when 26 is divided by 11.
4
What is the remainder when 1031 is divided by 193?
66
What is the remainder when 609 is divided by 69?
57
What is the remainder when 281 is divided by 29?
20
What is the remainder when 31 is divided by 17?
14
Calculate the remainder when 67 is divided by 39.
28
Calculate the remainder when 119 is divided by 42.
35
Calculate the remainder when 276 is divided by 224.
52
Calculate the remainder when 179 is divided by 8.
3
What is the remainder when 4656 is divided by 1164?
0
Calculate the remainder when 152 is divided by 13.
9
Calculate the remainder when 345 is divided by 44.
37
What is the remainder when 11089 is divided by 86?
81
Calculate the remainder when 188 is divided by 68.
52
What is the remainder when 157 is divided by 83?
74
What is the remainder when 80 is divided by 12?
8
What is the remainder when 59 is divided by 53?
6
Calculate the remainder when 1719 is divided by 108.
99
What is the remainder when 285 is divided by 271?
14
What is the remainder when 464 is divided by 154?
2
What is the remainder when 199 is divided by 97?
5
Calculate the remainder when 47 is divided by 12.
11
What is the remainder when 822 is divided by 75?
72
What is the remainder when 767 is divided by 73?
37
Calculate the remainder when 12525 is divided by 18.
15
What is the remainder when 212 is divided by 27?
23
What is the remainder when 450 is divided by 120?
90
What is the remainder when 407 is divided by 69?
62
Calculate the remainder when 3560 is divided by 99.
95
What is the remainder when 3262 is divided by 2?
0
Calculate the remainder when 416 is divided by 211.
205
Calculate the remainder when 158 is divided by 76.
6
What is the remainder when 334 is divided by 117?
100
What is the remainder when 470 is divided by 24?
14
What is the remainder when 349 is divided by 10?
9
What is the remainder when 375 is divided by 13?
11
What is the remainder when 621 is divided by 191?
48
Calculate the remainder when 2441 is divided by 188.
185
Calculate the remainder when 2602 is divided by 174.
166
Calculate the remainder when 540 is divided by 113.
88
Calculate the remainder when 194 is divided by 50.
44
What is the remainder when 385 is divided by 32?
1
Calculate the remainder when 413 is divided by 124.
41
Calculate the remainder when 893 is divided by 25.
18
What is the remainder when 1163 is divided by 105?
8
Calculate the remainder when 24 is divided by 3.
0
What is the remainder when 4210 is divided by 39?
37
What is the remainder when 360 is divided by 29?
12
What is the remainder when 93 is divided by 24?
21
Calculate the remainder when 565 is divided by 42.
19
Calculate the remainder when 2883 is divided by 206.
205
What is the remainder when 166 is divided by 28?
26
What is the remainder when 1233 is divided by 13?
11
What is the remainder when 736 is divided by 9?
7
What is the remainder when 76701 is divided by 367?
365
What is the remainder when 536 is divided by 31?
9
Calculate the remainder when 51 is divided by 50.
1
Calculate the remainder when 47 is divided by 17.
13
Calculate the remainder when 3534 is divided by 177.
171
What is the remainder when 989 is divided by 31?
28
Calculate the remainder when 38 is divided by 11.
5
What is the remainder when 96 is divided by 28?
12
Calculate the remainder when 37 is divided by 10.
7
Calculate the remainder when 490 is divided by 199.
92
What is the remainder when 1291 is divided by 128?
11
Calculate the remainder when 8922 is divided by 92.
90
Calculate the remainder when 279 is divided by 36.
27
Calculate the remainder when 56 is divided by 35.
21
Calculate the remainder when 127 is divided by 38.
13
Calculate the remainder when 200 is divided by 7.
4
Calculate the remainder when 107 is divided by 34.
5
What is the remainder when 926 is divided by 232?
230
What is the remainder when 148 is divided by 40?
28
What is the remainder when 69 is divided by 7?
6
What is the remainder when 134 is divided by 26?
4
Calculate the remainder when 319 is divided by 66.
55
What is the remainder when 509 is divided by 85?
84
What is the remainder when 47 is divided by 16?
15
What is the remainder when 712 is divided by 13?
10
What is the remainder when 642 is divided by 61?
32
Calculate the remainder when 434 is divided by 219.
215
Calculate the remainder when 236 is divided by 46.
6
What is the remainder when 698 is divided by 70?
68
Calculate the remainder when 910 is divided by 8.
6
Calculate the remainder when 93 is divided by 16.
13
What is the remainder when 81 is divided by 21?
18
Calculate the remainder when 111 is divided by 61.
50
Calculate the remainder when 14 is divided by 6.
2
What is the remainder when 158 is divided by 9?
5
Calculate the remainder when 136 is divided by 88.
48
What is the remainder when 16977 is divided by 13?
12
Calculate the remainder when 31 is divided by 15.
1
Calculate the remainder when 243 is divided by 64.
51
What is the remainder when 137 is divided by 38?
23
What is the remainder when 62 is divided by 17?
11
Calculate the remainder when 7626 is divided by 29.
28
Calculate the remainder when 631 is divided by 128.
119
Calculate the remainder when 1954 is divided by 103.
100
What is the remainder when 265 is divided by 77?
34
What is the remainder when 2039 is divided by 73?
68
What is the remainder when 1603 is divided by 201?
196
What is the remainder when 533 is divided by 67?
64
What is the remainder when 287 is divided by 24?
23
Calculate the remainder when 158 is divided by 15.
8
What is the remainder when 155 is divided by 32?
27
What is the remainder when 1294 is divided by 87?
76
What is the remainder when 43 is divided by 15?
13
What is the remainder when 127 is divided by 32?
31
Calculate the remainder when 13531 is divided by 3.
1
Calculate the remainder when 2505 is divided by 157.
150
Calculate the remainder when 55 is divided by 3.
1
Calculate the remainder when 65 is divided by 32.
1
What is the remainder when 2149 is divided by 50?
49
What is the remainder when 1693 is divided by 77?
76
Calculate the remainder when 6887 is divided by 38.
9
Calculate the remainder when 928 is divided by 155.
153
What is the remainder when 140 is divided by 36?
32
What is the remainder when 81 is divided by 18?
9
What is the remainder when 37 is divided by 20?
17
What is the remainder when 13 is divided by 5?
3
What is the remainder when 8329 is divided by 5?
4
Calculate the remainder when 390 is divided by 17.
16
What is the remainder when 1038 is divided by 342?
12
Calculate the remainder when 9542 is divided by 23.
20
What is the re